
False
Suppose -2*y + 60662 = 3*j, -22*y = -21*y - 2*j - 30331. Is (y/35 - -5)/((-2)/(-5)) a prime number?
True
Let a = 182 + -188. Is (11 + -7)/(-12) - 42884/a prime?
False
Let n(d) = -611*d**2 + 51*d - 25. Let h(z) = 203*z**2 - 17*z + 8. Let i(w) = -8*h(w) - 3*n(w). Is i(7) a composite number?
False
Suppose 5*c + 4*z = -0*c + 58629, 4*c - 2*z - 46924 = 0. Is c composite?
True
Suppose 0 = -d + 3*k + 187, 3*d + d + 3*k = 763. Let n(q) = q**2 - q - 117. Let g be n(0). Let x = d - g. Is x composite?
False
Let v be 12/(-21) - (-3)/(-7). Let y(z) = -2*z**2 - 2*z - 3. Let u be y(v). Is -2 + -1 - 516/u a composite number?
True
Suppose -3*j - 4*n - 2 = 1, -n - 3 = 0. Suppose 5*i - 113 - 264 = -j*d, -d - 5*i + 109 = 0. Is d a composite number?
True
Let k(a) = -418*a**3 - 3*a**2 + 3*a + 15. Let o = 22 + -24. Is k(o) a composite number?
True
Let l(d) = -d**3 + 5*d**2 + 2*d - 7. Let k be l(5). Let v be 3170 + 3 + 3/k. Suppose v = 5*q + a, -8*q + 3*q + 3179 = -4*a. Is q composite?
True
Let b be (-4)/((-16)/20) + 1. Let k(j) = -9*j + 10. Let q be k(b). Is ((-45)/20 + -1)*q a composite number?
True
Let d(i) = -1232*i**3 - 10*i**2 - 16*i - 13. Is d(-5) prime?
True
Let m be (7 - 145)/(3/64*2). Let b = m - -3631. Is b a prime number?
False
Let c(y) be the third derivative of 125*y**4/12 + 13*y**3/6 + 2*y**2 + 6. Is c(1) a prime number?
True
Suppose 2*u - 3*u - 5*m = 10, 5*m + 10 = 5*u. Suppose 4*r - 4*b - 4656 = 0, u = r + 9*b - 7*b - 1161. Is r prime?
True
Let v(g) = -459*g**3 - 12*g**2 + 21*g + 175. Is v(-11) composite?
False
Is (-483088)/(-14) + 1 - 270/945 a composite number?
True
Let k = -940 - -16820. Let r = -6503 + k. Is r a prime number?
True
Let d = 44 + -44. Suppose -4*x = -f - 0*f - 5586, 5*x + 4*f - 6993 = d. Is x prime?
False
Let d = 156870 - 41987. Is d a composite number?
False
Suppose 165*v - 1213333 = 163*v - 3*f, 0 = -3*f - 21. Is v a prime number?
False
Let f(o) = -19485*o + 9418. Is f(-13) a prime number?
True
Suppose 0 = -c - 392 + 10. Let p = c + 199. Let h = 272 + p. Is h a composite number?
False
Let t(z) = 45*z - 32. Let p be t(12). Is -3 + (p/14)/(12/84) composite?
False
Let m be (-1)/5 + (-334058)/(-190). Suppose -4*y = -b + m, -b - b = y - 3525. Is b a composite number?
True
Let z be (-2)/(10/(-125)) - 4. Suppose -g = 4*n - 9215, 4*g = -z + 1. Let m = -1154 + n. Is m a composite number?
False
Suppose -4 = 4*i, -3*i - i + 11 = 5*d. Suppose -2*v + 144005 = d*z, -18*z + 14*z + v + 191992 = 0. Is z prime?
False
Suppose 3*v + 10*k - 6*k = 5490, -5*k + 15 = 0. Suppose -4*s + v = -362. Is s a composite number?
False
Suppose -42549 = -9*b + 31296. Suppose 0 = 111*t - 108*t - b. Is t prime?
False
Let y(g) be the first derivative of g**6/120 - g**5/40 - g**4/24 - 6*g**3 - 9. Let d(x) be the third derivative of y(x). Is d(-5) a prime number?
True
Let l(u) = 16*u**3 - 15*u**3 + 54*u - 6 + 24*u**2 - 18. Is l(-17) prime?
False
Let h = -1885 + 8582. Is h a composite number?
True
Let q(y) = 5*y**3 + 8*y**2 + 16*y - 97. Let t be q(6). Suppose -u = -5*r + 27, r = -4*u + 1 + 17. Suppose -r*b + t = -2371. Is b prime?
False
Let w = -673504 - -1140939. Is w composite?
True
Suppose 4*v - 2*t - 2 = 0, -v - t + 3 = v. Is 10026/36*(-2 + v - -3) prime?
True
Let i = -426 - -433. Suppose 0 = o - i + 3, 5*y - 69997 = -3*o. Is y a prime number?
True
Let o be (-44)/(-77)*7/2. Suppose -56371 = -3*q - o*c, 8*c - 7*c - 2 = 0. Is q composite?
True
Let b be 6/(-21) + ((-23)/7)/(-1). Let u be -16*2*(-25 - (-6)/b). Let q = 1323 - u. Is q a composite number?
False
Suppose -3 = -i, 4*i + 30 = 3*n + i. Suppose 0 = -n*m - 5*m + 38322. Is m a composite number?
False
Is (((-252)/(-234))/(-7) + 271035/(-13))/(-1) composite?
False
Let h = -281 + 141. Let m = 265 + h. Let n = 1374 - m. Is n composite?
False
Let a(l) = -14*l**3 - 3*l**2 - 3*l - 1. Let m be a(-1). Let w = -12 + m. Is 208 - (4 - 1/w) prime?
False
Let b(p) = -244*p - 3. Let d be b(-8). Let q = -169 - -174. Suppose -v + 7*n - 6*n = -388, 0 = -q*v + 2*n + d. Is v a composite number?
True
Suppose 4*z + 2*l = 3482, z = -4*z + l + 4363. Suppose -5*g + f = 1029, 2*g - 7*g + 3*f = 1037. Let y = g + z. Is y a prime number?
False
Let l(i) = 2076*i**2 + 3*i - 2. Let s = 6 - 8. Let w be s + (3 - 2) - 4/(-2). Is l(w) prime?
False
Let u(m) be the first derivative of 17*m**3/3 + 26*m**2 - 65*m - 186. Is u(-22) a prime number?
True
Suppose -6*s = -31*s + 69225. Suppose 0 = -4*b + s + 12107. Is b a composite number?
False
Let a = -124 - -118. Is ((-36212)/(-16) + a)*4 prime?
True
Let s(c) = -6*c**3 - 4*c - 3. Let x be s(-1). Is (x/2)/(61/10 - 6) a composite number?
True
Let l = 30 + -29. Let g be 110/6 + l/(-3). Suppose 0 = f - 5*m - 107 + g, 5*f - 445 = -2*m. Is f a prime number?
True
Let l = -450 + 636. Suppose l = -173*y + 176*y. Is y a composite number?
True
Let h be (4 + 6/(-3))*(7 - 5). Suppose 0 = o + h*o - s - 951, 5*o = 4*s + 939. Is o a prime number?
True
Let j = 14829 + 101552. Is j composite?
False
Let u(a) = 5988*a - 505. Is u(21) composite?
False
Let r(q) be the second derivative of 223*q**4/12 + 11*q**3/6 - 35*q**2/2 - q + 19. Is r(6) a composite number?
False
Let k = -254911 - -494910. Is k composite?
False
Let y = 38126 - 25231. Is y a prime number?
False
Let k(i) = 72541*i - 5858. Is k(31) a prime number?
False
Suppose -405086 = -2*x - 4*s, 8*s - 9*s - 3 = 0. Is x prime?
True
Let g be 6*((-28)/12)/(-7). Suppose -2*y + g*w + 5 = -11, 0 = -y - 3*w - 8. Is y/8*44 - 3 a composite number?
False
Suppose -5*u - 2*s + 18 = 0, s + 3*s = -4*u + 12. Suppose u*k - 18*k = -23198. Is k a prime number?
True
Let q = -638816 - -1074159. Is q composite?
False
Suppose 0 = 3*v - 3*f - 3, 2*f + 11 = -v + 7*f. Suppose 10*z - 7*z = 24. Suppose 1172 = -v*t + z*t. Is t prime?
True
Let g be -3 + 1/(5/240). Is ((-6)/(-8))/((g/(-9924))/(-15)) a composite number?
True
Let o be (14/(-35))/((-2)/20). Suppose 150599 = 3*j + o*q, j = -q - 3*q + 50197. Is j a prime number?
False
Suppose -8 = -3*u + 4*t, -4*u + 2*t = -12 + 18. Is (11 + 63)/(u/(-274)) composite?
True
Let k be 161/(-28)*(1 + 3). Let u(b) = 225 - 43*b + 230 - 477. Is u(k) a prime number?
True
Suppose 2*k - 2*z - 2*z + 848 = 0, -2*z + 2152 = -5*k. Let c = 1771 + k. Is c a composite number?
True
Suppose -1 - 11 = -2*a - 4*w, 0 = -a + w + 6. Is -1 + (708 - (a + -12)) a composite number?
True
Let f(k) = k**3 + 27*k**2 - k + 31. Suppose 16*s - 14*s = 10. Let d be s/(-15) + 4/(-6)*40. Is f(d) prime?
False
Let f be ((-24)/(-16))/((-9)/(-5622)). Let g = f - 296. Is g a composite number?
False
Is 27/(351/133354) + -9 a prime number?
False
Let n(z) = -82*z - 33 - 232*z + 14*z + 166 - 66*z. Is n(-9) a prime number?
False
Let m = -7493 - -109840. Is m a composite number?
True
Let z(b) = 1331*b**3 - b**2 - 12*b - 11. Let n(o) = -2663*o**3 + 2*o**2 + 22*o + 21. Let j(v) = -6*n(v) - 11*z(v). Is j(2) a prime number?
True
Suppose -5*q = -1981 - 384. Suppose -467*x - 13998 = -q*x. Is x a composite number?
False
Suppose -18*j - 22088 + 328259 = -92763. Is j a prime number?
False
Let u = 158724 + -76381. Is u prime?
False
Suppose 5*k = 2*k + 3*g + 6, 5*k + 3*g + 6 = 0. Suppose -4*x = 4*r - k*r - 124, 3*x + 6 = 0. Let m = 115 - r. Is m a composite number?
True
Let v(i) = 331*i + 117. Let u = 484 + -434. Is v(u) composite?
True
Let r be 6/8 + -1 + (-9)/(-36). Let y be (r - 2) + 1*(-4 - -11). Suppose y*m - 1441 = 1494. Is m composite?
False
Is 1/(-3) - (3 + 7/((-105)/7577855)) prime?
True
Let z be -1597*(101 - 0)*-1. Suppose 17*i - 646934 = z. Is i a composite number?
False
Suppose 0 = 2*r - 4*x - 220930, -3*r - 132*x + 331449 = -129*x. Is r composite?
False
Let p = -40 - -35. Let x be (-26)/p - 11/55. Suppose -4095 = -x*l - 700. Is l a prime number?
False
Suppose -1462*b = -1466*b + 82804. Is b prime?
False
Let x(v) = 366*v + 157. Let c be x(-9). Let f = 1424 - c. Is f a prime number?
True
Is (-4517006)/(-4) - 1215/(-810) a composite number?
False
Let b be (-12 - -9)/((-6)/5452). Let x be b - 4/(-4)*-4. Suppose -i = i - x. Is i a composite number?
False
Let r(z) = 1551*z**2 + 26*z - 360. Is r(7) a composite number?
False
Let w(n) be the third derivative of 49*n**5/40 - n**4/24 - 7*n**3/6 + 12*n**2. Let l(h) be the first derivative of w(h). Is l(4) composite?
False
Let y(v) = -37*v**3 - 271*v**2 - 1370